{"id":116,"date":"2013-04-12T09:53:57","date_gmt":"2013-04-12T09:53:57","guid":{"rendered":"http:\/\/www.arisoftargentina.com\/blog\/?page_id=5"},"modified":"2013-09-30T10:16:03","modified_gmt":"2013-09-30T10:16:03","slug":"contacto","status":"publish","type":"page","link":"https:\/\/www.arisoftargentina.com\/blog\/contacto\/","title":{"rendered":"Contacto"},"content":{"rendered":"<h4 align=\"center\"><strong>ARISOFT ARGENTINA<\/strong><\/h4>\n<p align=\"center\">Escr\u00ed\u00adbanos un correo electr\u00f3nico a:<\/p>\n<p align=\"center\"><strong>info@arisoft.es<\/strong><\/p>\n<p align=\"center\">o ll\u00e1menos a cualquier de los<br \/>\nsiguientes n\u00fameros:<\/p>\n<p align=\"center\"><strong>(+34) 980 169 273<\/strong><br \/>\n<strong>(+34) 980 513 101<\/strong><\/p>\n","protected":false},"excerpt":{"rendered":"<p>ARISOFT ARGENTINA Escr\u00ed\u00adbanos un correo electr\u00f3nico a: info@arisoft.es o ll\u00e1menos a cualquier de los siguientes n\u00fameros: (+34) 980 169 273 (+34) 980 513 101<\/p>\n","protected":false},"author":1,"featured_media":0,"parent":0,"menu_order":0,"comment_status":"open","ping_status":"open","template":"","meta":{"_monsterinsights_skip_tracking":false,"_monsterinsights_sitenote_active":false,"_monsterinsights_sitenote_note":"","_monsterinsights_sitenote_category":0,"footnotes":""},"class_list":["post-116","page","type-page","status-publish","hentry"],"yoast_head":"<!-- This site is optimized with the Yoast SEO plugin v23.5 - https:\/\/yoast.com\/wordpress\/plugins\/seo\/ -->\n<title>Contacto - AriSoft Argentina - Productos para escuelas de conductores<\/title>\n<meta name=\"robots\" content=\"index, follow, max-snippet:-1, max-image-preview:large, max-video-preview:-1\" \/>\n<link rel=\"canonical\" href=\"https:\/\/www.arisoftargentina.com\/blog\/contacto\/\" \/>\n<meta property=\"og:locale\" content=\"es_ES\" \/>\n<meta property=\"og:type\" content=\"article\" \/>\n<meta property=\"og:title\" content=\"Contacto - AriSoft Argentina - Productos para escuelas de conductores\" \/>\n<meta property=\"og:description\" content=\"ARISOFT ARGENTINA Escr\u00ed\u00adbanos un correo electr\u00f3nico a: info@arisoft.es o ll\u00e1menos a cualquier de los siguientes n\u00fameros: (+34) 980 169 273 (+34) 980 513 101\" \/>\n<meta property=\"og:url\" content=\"https:\/\/www.arisoftargentina.com\/blog\/contacto\/\" \/>\n<meta property=\"og:site_name\" content=\"AriSoft Argentina - Productos para escuelas de conductores\" \/>\n<meta property=\"article:modified_time\" content=\"2013-09-30T10:16:03+00:00\" \/>\n<meta name=\"twitter:card\" content=\"summary_large_image\" \/>\n<script type=\"application\/ld+json\" class=\"yoast-schema-graph\">{\"@context\":\"https:\/\/schema.org\",\"@graph\":[{\"@type\":\"WebPage\",\"@id\":\"https:\/\/www.arisoftargentina.com\/blog\/contacto\/\",\"url\":\"https:\/\/www.arisoftargentina.com\/blog\/contacto\/\",\"name\":\"Contacto - AriSoft Argentina - Productos para escuelas de conductores\",\"isPartOf\":{\"@id\":\"https:\/\/www.arisoftargentina.com\/blog\/#website\"},\"datePublished\":\"2013-04-12T09:53:57+00:00\",\"dateModified\":\"2013-09-30T10:16:03+00:00\",\"breadcrumb\":{\"@id\":\"https:\/\/www.arisoftargentina.com\/blog\/contacto\/#breadcrumb\"},\"inLanguage\":\"es\",\"potentialAction\":[{\"@type\":\"ReadAction\",\"target\":[\"https:\/\/www.arisoftargentina.com\/blog\/contacto\/\"]}]},{\"@type\":\"BreadcrumbList\",\"@id\":\"https:\/\/www.arisoftargentina.com\/blog\/contacto\/#breadcrumb\",\"itemListElement\":[{\"@type\":\"ListItem\",\"position\":1,\"name\":\"Portada\",\"item\":\"https:\/\/www.arisoftargentina.com\/blog\/\"},{\"@type\":\"ListItem\",\"position\":2,\"name\":\"Contacto\"}]},{\"@type\":\"WebSite\",\"@id\":\"https:\/\/www.arisoftargentina.com\/blog\/#website\",\"url\":\"https:\/\/www.arisoftargentina.com\/blog\/\",\"name\":\"AriSoft Argentina - Productos para escuelas de conductores\",\"description\":\"AriSoft Argentina - Productos para escuelas de conductores\",\"publisher\":{\"@id\":\"https:\/\/www.arisoftargentina.com\/blog\/#organization\"},\"potentialAction\":[{\"@type\":\"SearchAction\",\"target\":{\"@type\":\"EntryPoint\",\"urlTemplate\":\"https:\/\/www.arisoftargentina.com\/blog\/?s={search_term_string}\"},\"query-input\":{\"@type\":\"PropertyValueSpecification\",\"valueRequired\":true,\"valueName\":\"search_term_string\"}}],\"inLanguage\":\"es\"},{\"@type\":\"Organization\",\"@id\":\"https:\/\/www.arisoftargentina.com\/blog\/#organization\",\"name\":\"AriSoft Argentina - Productos para escuelas de conductores\",\"url\":\"https:\/\/www.arisoftargentina.com\/blog\/\",\"logo\":{\"@type\":\"ImageObject\",\"inLanguage\":\"es\",\"@id\":\"https:\/\/www.arisoftargentina.com\/blog\/#\/schema\/logo\/image\/\",\"url\":\"https:\/\/www.arisoftargentina.com\/blog\/wp-content\/uploads\/arisoft-argentina.png\",\"contentUrl\":\"https:\/\/www.arisoftargentina.com\/blog\/wp-content\/uploads\/arisoft-argentina.png\",\"width\":180,\"height\":180,\"caption\":\"AriSoft Argentina - Productos para escuelas de conductores\"},\"image\":{\"@id\":\"https:\/\/www.arisoftargentina.com\/blog\/#\/schema\/logo\/image\/\"}}]}<\/script>\n<!-- \/ Yoast SEO plugin. -->","yoast_head_json":{"title":"Contacto - AriSoft Argentina - Productos para escuelas de conductores","robots":{"index":"index","follow":"follow","max-snippet":"max-snippet:-1","max-image-preview":"max-image-preview:large","max-video-preview":"max-video-preview:-1"},"canonical":"https:\/\/www.arisoftargentina.com\/blog\/contacto\/","og_locale":"es_ES","og_type":"article","og_title":"Contacto - AriSoft Argentina - Productos para escuelas de conductores","og_description":"ARISOFT ARGENTINA Escr\u00ed\u00adbanos un correo electr\u00f3nico a: info@arisoft.es o ll\u00e1menos a cualquier de los siguientes n\u00fameros: (+34) 980 169 273 (+34) 980 513 101","og_url":"https:\/\/www.arisoftargentina.com\/blog\/contacto\/","og_site_name":"AriSoft Argentina - Productos para escuelas de conductores","article_modified_time":"2013-09-30T10:16:03+00:00","twitter_card":"summary_large_image","schema":{"@context":"https:\/\/schema.org","@graph":[{"@type":"WebPage","@id":"https:\/\/www.arisoftargentina.com\/blog\/contacto\/","url":"https:\/\/www.arisoftargentina.com\/blog\/contacto\/","name":"Contacto - AriSoft Argentina - Productos para escuelas de conductores","isPartOf":{"@id":"https:\/\/www.arisoftargentina.com\/blog\/#website"},"datePublished":"2013-04-12T09:53:57+00:00","dateModified":"2013-09-30T10:16:03+00:00","breadcrumb":{"@id":"https:\/\/www.arisoftargentina.com\/blog\/contacto\/#breadcrumb"},"inLanguage":"es","potentialAction":[{"@type":"ReadAction","target":["https:\/\/www.arisoftargentina.com\/blog\/contacto\/"]}]},{"@type":"BreadcrumbList","@id":"https:\/\/www.arisoftargentina.com\/blog\/contacto\/#breadcrumb","itemListElement":[{"@type":"ListItem","position":1,"name":"Portada","item":"https:\/\/www.arisoftargentina.com\/blog\/"},{"@type":"ListItem","position":2,"name":"Contacto"}]},{"@type":"WebSite","@id":"https:\/\/www.arisoftargentina.com\/blog\/#website","url":"https:\/\/www.arisoftargentina.com\/blog\/","name":"AriSoft Argentina - Productos para escuelas de conductores","description":"AriSoft Argentina - Productos para escuelas de conductores","publisher":{"@id":"https:\/\/www.arisoftargentina.com\/blog\/#organization"},"potentialAction":[{"@type":"SearchAction","target":{"@type":"EntryPoint","urlTemplate":"https:\/\/www.arisoftargentina.com\/blog\/?s={search_term_string}"},"query-input":{"@type":"PropertyValueSpecification","valueRequired":true,"valueName":"search_term_string"}}],"inLanguage":"es"},{"@type":"Organization","@id":"https:\/\/www.arisoftargentina.com\/blog\/#organization","name":"AriSoft Argentina - Productos para escuelas de conductores","url":"https:\/\/www.arisoftargentina.com\/blog\/","logo":{"@type":"ImageObject","inLanguage":"es","@id":"https:\/\/www.arisoftargentina.com\/blog\/#\/schema\/logo\/image\/","url":"https:\/\/www.arisoftargentina.com\/blog\/wp-content\/uploads\/arisoft-argentina.png","contentUrl":"https:\/\/www.arisoftargentina.com\/blog\/wp-content\/uploads\/arisoft-argentina.png","width":180,"height":180,"caption":"AriSoft Argentina - Productos para escuelas de conductores"},"image":{"@id":"https:\/\/www.arisoftargentina.com\/blog\/#\/schema\/logo\/image\/"}}]}},"_links":{"self":[{"href":"https:\/\/www.arisoftargentina.com\/blog\/wp-json\/wp\/v2\/pages\/116"}],"collection":[{"href":"https:\/\/www.arisoftargentina.com\/blog\/wp-json\/wp\/v2\/pages"}],"about":[{"href":"https:\/\/www.arisoftargentina.com\/blog\/wp-json\/wp\/v2\/types\/page"}],"author":[{"embeddable":true,"href":"https:\/\/www.arisoftargentina.com\/blog\/wp-json\/wp\/v2\/users\/1"}],"replies":[{"embeddable":true,"href":"https:\/\/www.arisoftargentina.com\/blog\/wp-json\/wp\/v2\/comments?post=116"}],"version-history":[{"count":2,"href":"https:\/\/www.arisoftargentina.com\/blog\/wp-json\/wp\/v2\/pages\/116\/revisions"}],"predecessor-version":[{"id":433,"href":"https:\/\/www.arisoftargentina.com\/blog\/wp-json\/wp\/v2\/pages\/116\/revisions\/433"}],"wp:attachment":[{"href":"https:\/\/www.arisoftargentina.com\/blog\/wp-json\/wp\/v2\/media?parent=116"}],"curies":[{"name":"wp","href":"https:\/\/api.w.org\/{rel}","templated":true}]}}